{"id":467,"date":"2021-02-03T16:14:53","date_gmt":"2021-02-03T16:14:53","guid":{"rendered":"https:\/\/gaffel-drachen.de\/?page_id=467"},"modified":"2023-06-21T19:29:33","modified_gmt":"2023-06-21T19:29:33","slug":"motors-und-technik","status":"publish","type":"page","link":"https:\/\/gaffel-drachen.de\/index.php\/motors-und-technik\/","title":{"rendered":"Motor und Technik"},"content":{"rendered":"\n<p>Unseren Elektromotor &#8211; einen Ringpropeller &#8211; konnten wir selbst einbauen.<\/p>\n\n\n\n<p>Es war uns wichtig, m\u00f6glichst wenig vom alten Rumpf zu verletzen. Ein 30mm Loch war das h\u00f6chste der Gef\u00fchle.<\/p>\n\n\n<div class=\"wp-block-image\">\n<figure class=\"aligncenter size-large is-resized\"><img decoding=\"async\" loading=\"lazy\" src=\"https:\/\/gaffel-drachen.de\/wp-content\/uploads\/2021\/02\/Loch-im-Boot-914x1024.jpg\" alt=\"\" class=\"wp-image-468\" width=\"457\" height=\"512\" srcset=\"https:\/\/gaffel-drachen.de\/wp-content\/uploads\/2021\/02\/Loch-im-Boot-914x1024.jpg 914w, https:\/\/gaffel-drachen.de\/wp-content\/uploads\/2021\/02\/Loch-im-Boot-768x860.jpg 768w, https:\/\/gaffel-drachen.de\/wp-content\/uploads\/2021\/02\/Loch-im-Boot-1371x1536.jpg 1371w, https:\/\/gaffel-drachen.de\/wp-content\/uploads\/2021\/02\/Loch-im-Boot-800x896.jpg 800w, https:\/\/gaffel-drachen.de\/wp-content\/uploads\/2021\/02\/Loch-im-Boot.jpg 1450w\" sizes=\"(max-width: 457px) 100vw, 457px\" \/><figcaption class=\"wp-element-caption\">Hier soll der Motor hin &#8211; mehr wird nicht geopfert<\/figcaption><\/figure><\/div>\n\n\n<p>Beim Langkieler kann der Motor nur hinter das Ruderblatt oder es m\u00fcssen zwei Motoren weiter vorne an den Kiel. Eine L\u00f6sung, die wir auch gerne  einmal ausprobieren m\u00f6chten. <\/p>\n\n\n\n<p>Der Motor-Flansch ben\u00f6tigt eine Auflagefl\u00e4che, die man leicht aus Holz anfertigen kann.<\/p>\n\n\n<div class=\"wp-block-image\">\n<figure class=\"aligncenter size-large is-resized\"><img decoding=\"async\" loading=\"lazy\" src=\"https:\/\/gaffel-drachen.de\/wp-content\/uploads\/2021\/02\/Auflageflaeche-818x1024.jpg\" alt=\"\" class=\"wp-image-469\" width=\"409\" height=\"512\" srcset=\"https:\/\/gaffel-drachen.de\/wp-content\/uploads\/2021\/02\/Auflageflaeche-818x1024.jpg 818w, https:\/\/gaffel-drachen.de\/wp-content\/uploads\/2021\/02\/Auflageflaeche-768x961.jpg 768w, https:\/\/gaffel-drachen.de\/wp-content\/uploads\/2021\/02\/Auflageflaeche-1227x1536.jpg 1227w, https:\/\/gaffel-drachen.de\/wp-content\/uploads\/2021\/02\/Auflageflaeche-800x1001.jpg 800w, https:\/\/gaffel-drachen.de\/wp-content\/uploads\/2021\/02\/Auflageflaeche.jpg 1444w\" sizes=\"(max-width: 409px) 100vw, 409px\" \/><figcaption class=\"wp-element-caption\">Str\u00f6mungsg\u00fcnstiger Flansch<\/figcaption><\/figure><\/div>\n\n\n<p>Dann werden die Kabel durchgesteckt und der Motor festgeschraubt. Genau so einfach wie es klingt.<\/p>\n\n\n<div class=\"wp-block-image\">\n<figure class=\"aligncenter size-large is-resized\"><img decoding=\"async\" loading=\"lazy\" src=\"https:\/\/gaffel-drachen.de\/wp-content\/uploads\/2021\/02\/RingPropeller-1024x540.jpg\" alt=\"\" class=\"wp-image-470\" width=\"512\" height=\"270\" srcset=\"https:\/\/gaffel-drachen.de\/wp-content\/uploads\/2021\/02\/RingPropeller-1024x540.jpg 1024w, https:\/\/gaffel-drachen.de\/wp-content\/uploads\/2021\/02\/RingPropeller-768x405.jpg 768w, https:\/\/gaffel-drachen.de\/wp-content\/uploads\/2021\/02\/RingPropeller-1536x811.jpg 1536w, https:\/\/gaffel-drachen.de\/wp-content\/uploads\/2021\/02\/RingPropeller-2048x1081.jpg 2048w, https:\/\/gaffel-drachen.de\/wp-content\/uploads\/2021\/02\/RingPropeller-800x422.jpg 800w\" sizes=\"(max-width: 512px) 100vw, 512px\" \/><figcaption class=\"wp-element-caption\">Ringpropeller hinter dem Ruder<\/figcaption><\/figure><\/div>\n\n\n<p>Der Regler wird im Heck versteckt, wo er noch gen\u00fcgend Luftk\u00fchlung bekommt. Das Kabel zum Motor sollte so kurz wie m\u00f6glich sein.<\/p>\n\n\n<div class=\"wp-block-image\">\n<figure class=\"aligncenter size-large is-resized\"><img decoding=\"async\" loading=\"lazy\" src=\"https:\/\/gaffel-drachen.de\/wp-content\/uploads\/2021\/02\/Regler-1024x1018.jpg\" alt=\"\" class=\"wp-image-472\" width=\"512\" height=\"509\" srcset=\"https:\/\/gaffel-drachen.de\/wp-content\/uploads\/2021\/02\/Regler-1024x1018.jpg 1024w, https:\/\/gaffel-drachen.de\/wp-content\/uploads\/2021\/02\/Regler-768x763.jpg 768w, https:\/\/gaffel-drachen.de\/wp-content\/uploads\/2021\/02\/Regler-250x250.jpg 250w, https:\/\/gaffel-drachen.de\/wp-content\/uploads\/2021\/02\/Regler-800x795.jpg 800w, https:\/\/gaffel-drachen.de\/wp-content\/uploads\/2021\/02\/Regler.jpg 1446w\" sizes=\"(max-width: 512px) 100vw, 512px\" \/><figcaption class=\"wp-element-caption\">Regler in der N\u00e4he vom Motor<\/figcaption><\/figure><\/div>\n\n\n<p>Die Batterie darf dann schon etwas weiter entfernt sein. Obacht, jeder Meter ist schwer, teuer und kostet auch etwas an Energie (Ohmscher Widerstand). Wir haben die Batterie mit 37kg vor den Mast gestellt, das ergibt schon 6m Kabel.<\/p>\n\n\n<div class=\"wp-block-image\">\n<figure class=\"aligncenter size-large is-resized\"><img decoding=\"async\" loading=\"lazy\" src=\"https:\/\/gaffel-drachen.de\/wp-content\/uploads\/2021\/02\/Batteriespeicher-766x1024.jpg\" alt=\"\" class=\"wp-image-473\" width=\"383\" height=\"512\" srcset=\"https:\/\/gaffel-drachen.de\/wp-content\/uploads\/2021\/02\/Batteriespeicher-766x1024.jpg 766w, https:\/\/gaffel-drachen.de\/wp-content\/uploads\/2021\/02\/Batteriespeicher-768x1027.jpg 768w, https:\/\/gaffel-drachen.de\/wp-content\/uploads\/2021\/02\/Batteriespeicher-1149x1536.jpg 1149w, https:\/\/gaffel-drachen.de\/wp-content\/uploads\/2021\/02\/Batteriespeicher-800x1070.jpg 800w, https:\/\/gaffel-drachen.de\/wp-content\/uploads\/2021\/02\/Batteriespeicher.jpg 1444w\" sizes=\"(max-width: 383px) 100vw, 383px\" \/><figcaption class=\"wp-element-caption\">Batterie als Ausgleichsgewicht f\u00fcr die schwere Cockpit Crew<\/figcaption><\/figure><\/div>\n\n\n<p>Die kleine Bleibatterie ist f\u00fcr die Navigationsinstrumente und die Pumpe, die auf 12V laufen. Der rote Schalter ist der Hauptschalter und es gibt noch eine Schmelz-Sicherung. Beides sollte so nah wie m\u00f6glich an der Batterie sein.<\/p>\n\n\n\n<p>An einer geeigneten Stelle kann dann die &#8222;Batterie-Lade- und Kontrolleinheit&#8220; (grauer Kasten) und das eigentliche Ladeger\u00e4t (rot) angebaut werden. Rechts neben den Steckdosen ist der Solarladeregler f\u00fcr die 12V Batterie mit Schaltpanel f\u00fcr Logge, Navigationslichter, Pumpe und Autopilot.<\/p>\n\n\n<div class=\"wp-block-image\">\n<figure class=\"aligncenter size-large is-resized\"><img decoding=\"async\" loading=\"lazy\" src=\"https:\/\/gaffel-drachen.de\/wp-content\/uploads\/2021\/02\/Schaltzentrale-1024x725.jpg\" alt=\"\" class=\"wp-image-471\" width=\"512\" height=\"363\" srcset=\"https:\/\/gaffel-drachen.de\/wp-content\/uploads\/2021\/02\/Schaltzentrale-1024x725.jpg 1024w, https:\/\/gaffel-drachen.de\/wp-content\/uploads\/2021\/02\/Schaltzentrale-768x544.jpg 768w, https:\/\/gaffel-drachen.de\/wp-content\/uploads\/2021\/02\/Schaltzentrale-1536x1087.jpg 1536w, https:\/\/gaffel-drachen.de\/wp-content\/uploads\/2021\/02\/Schaltzentrale-2048x1450.jpg 2048w, https:\/\/gaffel-drachen.de\/wp-content\/uploads\/2021\/02\/Schaltzentrale-800x566.jpg 800w\" sizes=\"(max-width: 512px) 100vw, 512px\" \/><figcaption class=\"wp-element-caption\">Schaltzentrale &#8211; hier gucken wir nur mal nach den LEDs beim Laden<\/figcaption><\/figure><\/div>\n\n\n<p>Wenn wir den Landanschluss einstecken, beginnt das Laden automatisch und schaltet sich bei eingestellter Maximalspannung vollst\u00e4ndig ab. Der Landanschluss kann auch einfach getrennt werden. Wir laden so gut wie nie. Die Batterie mag es am liebsten, wenn sie weder voll noch leer ist. Also laden wir nur vor einer gr\u00f6\u00dferen Tour, wenn wir wissen, dass wir auch etwas verbrauchen werden. Nach dem Segeln laden wir auch nie, sondern dann eher vor dem Segeln. Wir lassen auch den Landanschluss nie gesteckt, wenn wir wegfahren, was aber gut m\u00f6glich w\u00e4re. Insgesamt ein sehr einfaches System.<\/p>\n\n\n\n<p>Das mitgelieferte Bedienpanel passt nicht so richtig zum Gaffeldrachen. Das werden wir wohl noch \u00e4ndern. Hier w\u00fcrde uns ein old-School Gashebel besser gefallen.<\/p>\n\n\n<div class=\"wp-block-image\">\n<figure class=\"aligncenter size-large is-resized\"><img decoding=\"async\" loading=\"lazy\" src=\"https:\/\/gaffel-drachen.de\/wp-content\/uploads\/2021\/02\/Bedienpannel-1024x722.jpg\" alt=\"\" class=\"wp-image-474\" width=\"512\" height=\"361\" srcset=\"https:\/\/gaffel-drachen.de\/wp-content\/uploads\/2021\/02\/Bedienpannel-1024x722.jpg 1024w, https:\/\/gaffel-drachen.de\/wp-content\/uploads\/2021\/02\/Bedienpannel-768x542.jpg 768w, https:\/\/gaffel-drachen.de\/wp-content\/uploads\/2021\/02\/Bedienpannel-1536x1083.jpg 1536w, https:\/\/gaffel-drachen.de\/wp-content\/uploads\/2021\/02\/Bedienpannel-2048x1444.jpg 2048w, https:\/\/gaffel-drachen.de\/wp-content\/uploads\/2021\/02\/Bedienpannel-800x564.jpg 800w\" sizes=\"(max-width: 512px) 100vw, 512px\" \/><figcaption class=\"wp-element-caption\">Der Drehknopf ist nicht so praktisch<\/figcaption><\/figure><\/div>\n\n\n<p>Er wurde 2020 durch einen sch\u00f6nen Maschinentelegrafen ersetzt:<\/p>\n\n\n\n<figure class=\"wp-block-image size-large\"><img decoding=\"async\" loading=\"lazy\" width=\"1024\" height=\"768\" src=\"https:\/\/gaffel-drachen.de\/wp-content\/uploads\/2023\/06\/IMG_0766-1024x768.jpg\" alt=\"\" class=\"wp-image-553\" srcset=\"https:\/\/gaffel-drachen.de\/wp-content\/uploads\/2023\/06\/IMG_0766-1024x768.jpg 1024w, https:\/\/gaffel-drachen.de\/wp-content\/uploads\/2023\/06\/IMG_0766-768x576.jpg 768w, https:\/\/gaffel-drachen.de\/wp-content\/uploads\/2023\/06\/IMG_0766-1536x1152.jpg 1536w, https:\/\/gaffel-drachen.de\/wp-content\/uploads\/2023\/06\/IMG_0766-2048x1536.jpg 2048w, https:\/\/gaffel-drachen.de\/wp-content\/uploads\/2023\/06\/IMG_0766-800x600.jpg 800w, https:\/\/gaffel-drachen.de\/wp-content\/uploads\/2023\/06\/IMG_0766-400x300.jpg 400w\" sizes=\"(max-width: 1024px) 100vw, 1024px\" \/><\/figure>\n\n\n\n<p>STOP, SLOW, HALF, FULL sagen dir mehr als 900U\/Min oder 1200U\/Min und man hat sofort ein Gef\u00fchl f\u00fcr die Drehrichtung und Leistung. Im Inneren ist ein gekapselter Winkelgeber aus dem Automobilzulieferbereich verbaut. Auf weitere Anzeigen kann verzichtet werden. Akku Daten k\u00f6nnen bei Bedarf \u00fcber einen Victron Smart Schunt am Mobiltelefon abgerufen werden.<\/p>\n","protected":false},"excerpt":{"rendered":"<p>Unseren Elektromotor &#8211; einen Ringpropeller &#8211; konnten wir selbst einbauen. Es war uns wichtig, m\u00f6glichst wenig vom alten Rumpf zu verletzen. Ein 30mm Loch war das h\u00f6chste der Gef\u00fchle. Beim Langkieler kann der Motor nur hinter das Ruderblatt oder es m\u00fcssen zwei Motoren weiter vorne an den Kiel. Eine L\u00f6sung, die wir auch gerne einmal ausprobieren m\u00f6chten. Der Motor-Flansch ben\u00f6tigt<\/p>\n<p><a class=\"more-link\" href=\"https:\/\/gaffel-drachen.de\/index.php\/motors-und-technik\/\">Weiterlesen<\/a><\/p>\n","protected":false},"author":1,"featured_media":0,"parent":0,"menu_order":0,"comment_status":"closed","ping_status":"closed","template":"","meta":[],"_links":{"self":[{"href":"https:\/\/gaffel-drachen.de\/index.php\/wp-json\/wp\/v2\/pages\/467"}],"collection":[{"href":"https:\/\/gaffel-drachen.de\/index.php\/wp-json\/wp\/v2\/pages"}],"about":[{"href":"https:\/\/gaffel-drachen.de\/index.php\/wp-json\/wp\/v2\/types\/page"}],"author":[{"embeddable":true,"href":"https:\/\/gaffel-drachen.de\/index.php\/wp-json\/wp\/v2\/users\/1"}],"replies":[{"embeddable":true,"href":"https:\/\/gaffel-drachen.de\/index.php\/wp-json\/wp\/v2\/comments?post=467"}],"version-history":[{"count":7,"href":"https:\/\/gaffel-drachen.de\/index.php\/wp-json\/wp\/v2\/pages\/467\/revisions"}],"predecessor-version":[{"id":556,"href":"https:\/\/gaffel-drachen.de\/index.php\/wp-json\/wp\/v2\/pages\/467\/revisions\/556"}],"wp:attachment":[{"href":"https:\/\/gaffel-drachen.de\/index.php\/wp-json\/wp\/v2\/media?parent=467"}],"curies":[{"name":"wp","href":"https:\/\/api.w.org\/{rel}","templated":true}]}}